st the prime factors of 8840.
2, 5, 13, 17
List the prime factors of 2129.
2129
What are the prime factors of 20843?
19, 1097
List the prime factors of 565.
5, 113
List the prime factors of 45306.
2, 3, 839
List the prime factors of 412.
2, 103
What are the prime factors of 6053?
6053
What are the prime factors of 82193?
82193
What are the prime factors of 21428?
2, 11, 487
List the prime factors of 47967.
3, 59, 271
List the prime factors of 2937.
3, 11, 89
What are the prime factors of 9173?
9173
List the prime factors of 24696.
2, 3, 7
List the prime factors of 4253.
4253
List the prime factors of 642.
2, 3, 107
What are the prime factors of 1266?
2, 3, 211
What are the prime factors of 25024?
2, 17, 23
What are the prime factors of 10062?
2, 3, 13, 43
What are the prime factors of 36718?
2, 11, 1669
What are the prime factors of 59719?
11, 61, 89
What are the prime factors of 1254?
2, 3, 11, 19
List the prime factors of 3709.
3709
What are the prime factors of 92?
2, 23
What are the prime factors of 1057?
7, 151
List the prime factors of 2117.
29, 73
What are the prime factors of 233?
233
List the prime factors of 17383.
17383
List the prime factors of 20467.
97, 211
What are the prime factors of 34599?
3, 19, 607
List the prime factors of 24172.
2, 6043
What are the prime factors of 15508?
2, 3877
What are the prime factors of 1042?
2, 521
What are the prime factors of 49088?
2, 13, 59
List the prime factors of 803.
11, 73
What are the prime factors of 404?
2, 101
What are the prime factors of 2298?
2, 3, 383
What are the prime factors of 237?
3, 79
What are the prime factors of 504?
2, 3, 7
What are the prime factors of 5350?
2, 5, 107
List the prime factors of 85339.
61, 1399
What are the prime factors of 49?
7
What are the prime factors of 5167?
5167
List the prime factors of 31279.
31, 1009
List the prime factors of 333.
3, 37
What are the prime factors of 2037?
3, 7, 97
What are the prime factors of 1199?
11, 109
What are the prime factors of 39628?
2, 9907
What are the prime factors of 5963?
67, 89
List the prime factors of 34296.
2, 3, 1429
List the prime factors of 3404.
2, 23, 37
List the prime factors of 984.
2, 3, 41
List the prime factors of 1327.
1327
What are the prime factors of 135?
3, 5
List the prime factors of 2019.
3, 673
List the prime factors of 12600.
2, 3, 5, 7
List the prime factors of 1823.
1823
What are the prime factors of 9264?
2, 3, 193
List the prime factors of 3465.
3, 5, 7, 11
List the prime factors of 1875.
3, 5
List the prime factors of 2372.
2, 593
List the prime factors of 4767.
3, 7, 227
What are the prime factors of 15504?
2, 3, 17, 19
List the prime factors of 21306.
2, 3, 53, 67
List the prime factors of 58377.
3, 11, 29, 61
List the prime factors of 7721.
7, 1103
What are the prime factors of 1146?
2, 3, 191
List the prime factors of 53603.
11, 443
What are the prime factors of 1521?
3, 13
What are the prime factors of 10530?
2, 3, 5, 13
What are the prime factors of 58661?
58661
List the prime factors of 82971.
3, 7, 439
What are the prime factors of 68820?
2, 3, 5, 31, 37
What are the prime factors of 7201?
19, 379
List the prime factors of 29579.
11, 2689
List the prime factors of 10232.
2, 1279
What are the prime factors of 5278?
2, 7, 13, 29
List the prime factors of 3066.
2, 3, 7, 73
What are the prime factors of 1297?
1297
List the prime factors of 78.
2, 3, 13
List the prime factors of 6403.
19, 337
List the prime factors of 10704.
2, 3, 223
List the prime factors of 28044.
2, 3, 19, 41
What are the prime factors of 7148?
2, 1787
What are the prime factors of 52070?
2, 5, 41, 127
What are the prime factors of 3847?
3847
What are the prime factors of 1908?
2, 3, 53
List the prime factors of 43355.
5, 13, 23, 29
List the prime factors of 1953.
3, 7, 31
What are the prime factors of 75355?
5, 7, 2153
What are the prime factors of 21908?
2, 5477
List the prime factors of 1236.
2, 3, 103
List the prime factors of 1889.
1889
List the prime factors of 6286.
2, 7, 449
List the prime factors of 44166.
2, 3, 17, 433
List the prime factors of 6301.
6301
What are the prime factors of 1355?
5, 271
List the prime factors of 165127.
61, 2707
What are the prime factors of 51833?
17, 3049
What are the prime factors of 991?
991
What are the prime factors of 95829?
3, 17, 1879
What are the prime factors of 154794?
2, 3, 25799
List the prime factors of 302.
2, 151
List the prime factors of 5609.
71, 79
List the prime factors of 381.
3, 127
What are the prime factors of 1160?
2, 5, 29
List the prime factors of 1093.
1093
What are the prime factors of 1599?
3, 13, 41
List the prime factors of 4927.
13, 379
List the prime factors of 3196.
2, 17, 47
What are the prime factors of 1218?
2, 3, 7, 29
List the prime factors of 3590.
2, 5, 359
List the prime factors of 23456.
2, 733
What are the prime factors of 183?
3, 61
What are the prime factors of 2985?
3, 5, 199
What are the prime factors of 47526?
2, 3, 89
List the prime factors of 231.
3, 7, 11
List the prime factors of 1217.
1217
List the prime factors of 2694.
2, 3, 449
What are the prime factors of 3860?
2, 5, 193
What are the prime factors of 44503?
191, 233
List the prime factors of 18947.
18947
What are the prime factors of 67158?
2, 3, 7, 13, 41
What are the prime factors of 1614?
2, 3, 269
List the prime factors of 2776.
2, 347
What are the prime factors of 1330?
2, 5, 7, 19
What are the prime factors of 50478?
2, 3, 47, 179
What are the prime factors of 6988?
2, 1747
List the prime factors of 1674.
2, 3, 31
What are the prime factors of 22133?
22133
List the prime factors of 43193.
47, 919
What are the prime factors of 28934?
2, 17, 23, 37
List the prime factors of 574.
2, 7, 41
What are the prime factors of 1725?
3, 5, 23
List the prime factors of 1877.
1877
List the prime factors of 1595.
5, 11, 29
List the prime factors of 4800.
2, 3, 5
List the prime factors of 1244.
2, 311
What are the prime factors of 1085?
5, 7, 31
List the prime factors of 2418.
2, 3, 13, 31
What are the prime factors of 437?
19, 23
What are the prime factors of 1092?
2, 3, 7, 13
What are the prime factors of 27527?
27527
What are the prime factors of 3075?
3, 5, 41
List the prime factors of 1578.
2, 3, 263
List the prime factors of 108396.
2, 3, 3011
List the prime factors of 77322.
2, 3, 7, 263
List the prime factors of 14136.
2, 3, 19, 31
What are the prime factors of 7944?
2, 3, 331
What are the prime factors of 172736?
2, 2699
List the prime factors of 8065.
5, 1613
What are the prime factors of 4818?
2, 3, 11, 73
List the prime factors of 27419.
7, 3917
What are the prime factors of 142?
2, 71
List the prime factors of 592.
2, 37
List the prime factors of 17853.
3, 11, 541
List the prime factors of 523.
523
What are the prime factors of 74529?
3, 7, 13
List the prime factors of 12943.
7, 43
What are the prime factors of 487?
487
List the prime factors of 12674.
2, 6337
List the prime factors of 1507.
11, 137
List the prime factors of 191.
191
List the prime factors of 3060.
2, 3, 5, 17
What are the prime factors of 29722?
2, 7, 11, 193
What are the prime factors of 916?
2, 229
What are the prime factors of 10664?
2, 31, 43
What are the prime factors of 21069?
3, 2341
List the prime factors of 21998.
2, 17, 647
List the prime factors of 41811.
3, 7, 11, 181
List the prime factors of 30916.
2, 59, 131
List the prime factors of 440.
2, 5, 11
List the prime factors of 16849.
7, 29, 83
What are the prime factors of 738?
2, 3, 41
List the prime factors of 59138.
2, 29569
What are the prime factors of 84724?
2, 59, 359
List the prime factors of 13391.
7, 1913
List the prime factors of 13356.
2, 3, 7, 53
List the prime factors of 7147.
7, 1021
List the prime factors of 17365.
5, 23, 151
What are the prime factors of 80?
2, 5
What are the prime factors of 1187?
1187
List the prime factors of 3555.
3, 5, 79
List the prime factors of 26767.
13, 29, 71
What are the prime factors of 2262?
2, 3, 13, 29
List the prime factors of 9190.
2, 5, 919
List the prime factors of 11109.
3, 7, 23
What are the prime factors of 1182?
2, 3, 197
List the prime factors of 705.
3, 5, 47
What are the prime factors of 10261?
31, 331
What are the prime factors of 6645?
3, 5, 443
What are the prime fac